a(r).
2
Let p(z) = -5*z**2 + 3 - 6 + z**3 - 2 - 7*z. Give p(6).
-11
Let d = 6/137 - 583/16440. Let w(t) be the third derivative of -1/2*t**3 - d*t**6 - 1/30*t**5 - 2*t**2 + 0 + 0*t - 1/12*t**4. Determine w(-2).
1
Let c(t) = t**3 - 4*t**2 + 5*t - 4. Let s(o) = -o**3 + 4*o**2 - o - 1. Let p be s(3). Suppose -2*k - 4*x = x + 4, -k + p*x = -13. Determine c(k).
2
Let o = 6 - 3. Let c(y) = 5*y**3 - 5*y**3 - 3*y**2 + y**3 - 3. Give c(o).
-3
Let h(g) = -2*g. Let k = 2 + 1. Suppose k = -5*t + 28. Let j = t - 4. Calculate h(j).
-2
Suppose -5*m - 18 = 2*i, m - i - 8 = 3*m. Let v = -2 - m. Suppose 4*s + 4 - 24 = v. Let f(w) = -w - 1. Determine f(s).
-6
Let z(t) be the third derivative of t**5/60 + t**4/6 - t**3/6 - 3*t**2. Calculate z(-5).
4
Let m(r) = r**2 - r - 4. Suppose -4*h - 5 - 35 = 0. Let f be ((-18)/30)/(2/h). Determine m(f).
2
Let n(h) = -4*h**3 - h**2 - 3*h + 1. Let b(c) = -5*c**3 - 2*c**2 - 4*c. Let t(z) = -3*b(z) + 4*n(z). Let f be -3 + 12 + -3 - 3. Calculate t(f).
-5
Let i(w) = -7*w**3 + 12*w**2 + 6*w + 14. Let h(j) = -20*j**3 + 35*j**2 + 17*j + 41. Let f(b) = -6*h(b) + 17*i(b). Determine f(6).
-8
Let q be (2 + -1)/(-3)*3. Let f(g) = -g**3 + 6*g**2 - 4*g - 3. Let s be f(5). Let r be q*s*1/2. Let k(m) = 11*m**2 - m - 1. Determine k(r).
11
Let q(w) be the first derivative of 0*w - 5/2*w**2 + 1/3*w**3 - 1. Suppose 3*p - 2*i - 3*i = 17, -4*p + 13 = 3*i. Calculate q(p).
-4
Let t = 29 + -29. Let k(s) = s + 7*s - 7*s + t*s. Calculate k(-4).
-4
Let a(d) = d - 9. Let h(u) = -2*u + 17. Let b(k) = k + 1. Let i be b(-8). Let y(c) = i*a(c) - 4*h(c). Calculate y(6).
1
Let j(l) = l**3 - 8*l**2 + 8*l - 7. Let p be 26/6 + 2 + (-22)/(-33). Give j(p).
0
Suppose -3*z + 3 + 9 = 0. Suppose 5*y = -4*n + 8, -y - z*n = 4 + 4. Let j(i) = -y + 0*i + i + 0 + 2*i. Calculate j(3).
5
Suppose a = -w - 2*a + 15, -4*w + 5*a = 8. Suppose -9 = -w*o + 3*i - 3, -2 = 5*o + i. Let p(d) = -d + 11. Give p(o).
11
Let v(m) be the first derivative of 3 - 3*m**2 + 3 + 5*m**2. Give v(-2).
-8
Let b(s) = 2*s**2 - s - 2. Suppose 0*y + 5*y = 65. Let f = -8 - y. Let g be ((-6)/f)/(2/14). Give b(g).
4
Let y(i) be the first derivative of -i**3/3 + 4*i**2 + 10*i + 16. What is y(7)?
17
Suppose f - 3*c - 18 = 0, 4*c = -3*f - 0*f - 11. Suppose 23 - 8 = f*l. Let m(i) = -12 - 4*i + 4 + 26*i**2 - 25*i**2 + 3 - 2. Give m(l).
-2
Let p(j) = -3 - 3 + j + 3. Let z be ((-2)/4)/((-1)/(-12)). Let s be 0/(-2*3/z). Calculate p(s).
-3
Let m = 43 + -43. Let q(r) = r**2 - r - 15. Calculate q(m).
-15
Let i(m) be the third derivative of m**5/60 + m**4/12 - m**3/2 - 6*m**2. What is i(2)?
5
Let r(g) be the third derivative of g**4/24 + g**3/6 - 12*g**2 + 1. Suppose 15 = -5*d, 3*p - d = 4*p + 8. Give r(p).
-4
Let z(y) = y**3 + 6*y**2 + 5*y + 6. Suppose -4*p - 2 + 0 = -h, 0 = 3*h + p - 32. Suppose -2*q + h = -4*q. Calculate z(q).
6
Let z be -2 - -1 - (-8)/4. Let c(f) be the second derivative of f**6/240 - f**4/12 + 2*f. Let t(o) be the third derivative of c(o). Determine t(z).
3
Let r(m) = -9*m**2 + 15*m - 4. Let i(h) = 4*h**2 - 7*h + 2. Let p(y) = -13*i(y) - 6*r(y). Suppose 0 = -2*g - 5*u + 6, 3*g = 7*g + 4*u. Give p(g).
4
Let o(q) = -7*q - 10 - 5*q**2 + 12*q + q**3 + 9. Calculate o(4).
3
Let d(h) be the third derivative of h**5/60 + h**4/6 + h**2. Let v = 3 + 2. Suppose -5 = -v*m - 5*l, -2*m - m - 5*l + 11 = 0. What is d(m)?
-3
Let z(d) be the first derivative of -d**4/4 - 7*d**3/3 - 3*d**2 - 3*d - 27. Let v = -14 + 8. Calculate z(v).
-3
Suppose -16*n - 47 - 1 = 0. Let h(q) = 3*q. Let u(a) = -a + 1. Let y(k) = h(k) + u(k). Calculate y(n).
-5
Let v(c) = -3*c - 3. Let r be v(-2). Let s(t) be the first derivative of -t**4 - t + 1/3*t**3 + 0*t**2 - r. Determine s(-1).
4
Let m = -5 - -5. Let i(c) = 5 + m - 1 - c**2. Give i(-3).
-5
Let n be ((-3)/(-1))/(18/4). Let r(u) be the first derivative of -n*u**3 + 3*u - 2 - 3/2*u**2. What is r(-3)?
-6
Suppose -5*a = -8*a. Let x(u) = u**3 + u**2 - u - 7. Determine x(a).
-7
Let n(i) = -i**3 - 2*i**2 + 4. Let r(b) = b**3 + 3*b**2 - 4. Let l(p) = 3*n(p) + 2*r(p). Let t(m) be the first derivative of l(m). Calculate t(1).
-3
Let s(m) = m + 0*m + m**3 + 4*m**3 + 2*m**2. Give s(-1).
-4
Let s(o) = -o + 8. Let z be s(6). Let y(c) = 0*c**2 + 3 + 2*c + c + 6*c**2 - z*c. Let i(p) = 30*p**2 + 6*p + 16. Let g(k) = 2*i(k) - 11*y(k). Determine g(1).
-6
Let h(f) = f**3 - f**2 - 2*f + 1. Let k = 0 - -5. Suppose k*g - 3*i = 7, -6*i + 2*i = -4. Calculate h(g).
1
Let i(v) be the second derivative of -v**4/12 - 3*v**3/2 + 3*v**2/2 + 19*v - 1. Determine i(-4).
23
Let f(u) = -u - 3. Let i(c) = c + 4. Let w(s) = -5*f(s) - 4*i(s). Suppose 2*z + 3 - 11 = 0. What is w(z)?
3
Let x(q) = 4*q**3 + 6*q**2 - 2*q - 4. Let j(n) = -3*n**3 - 5*n**2 + n + 3. Let y(b) = -3*j(b) - 2*x(b). Calculate y(-3).
-4
Let i(w) be the first derivative of w**4/4 - w**3 - 2*w**2 + w + 16. Give i(4).
1
Suppose -2*b = b + 15. Let l(h) = h**2 - 4*h + 1. Let x(j) = 3*j**2 - 7*j + 2. Let c(k) = 5*l(k) - 2*x(k). Calculate c(b).
6
Let t(g) = 3*g**2 + 2*g + 2. Let n(b) = 3*b**2 + 2*b + 1. Let o(p) = -4*n(p) + 3*t(p). Determine o(-2).
-6
Suppose 0 = -p + 2*y + 17, -p - 4*p - 2*y + 37 = 0. Let s(d) = d**2 - 9*d + 1. Determine s(p).
1
Let z(p) = -p**2 - 5*p - 3. Let g(f) = -f**2 - 4*f + 5. Let m be g(-4). Let t = m + 1. Suppose 1 - t = l. Calculate z(l).
-3
Let q = 1 - -1. Let w(p) = q - 3 - 9*p**2 + 1. Determine w(1).
-9
Suppose -32 = -5*b + 2*d, -2*b - 2 = d - 22. Let z be (-8)/2*(-57)/6. Let a be z/(-8) + (-2)/b. Let u(g) = -g + 6. Give u(a).
11
Let b(l) = 2*l - l - 2*l + 1 + 3*l**2 - l. What is b(1)?
2
Let n(m) = 14*m**2 + 0*m**3 - 10*m**2 + m**3. Calculate n(-3).
9
Let p(k) = -2*k + 2*k + 3 + k + 0. Determine p(-3).
0
Let s(c) = -2*c - 2 + 11 + c. Give s(6).
3
Let l(i) be the second derivative of -5/6*i**3 + 3*i + 1/2*i**2 + 0. What is l(2)?
-9
Let a be (1/((-2)/20))/(-2). Suppose 5*f = -25 + a. Let l(i) = 1 + i - 5 + 6 + 3. Give l(f).
1
Let l = 0 - 0. Let s(f) = 4*f**3 + 10*f**2 - 4*f - 3. Let j(u) = u**3 + 3*u**2 - u - 1. Let y(b) = 7*j(b) - 2*s(b). What is y(l)?
-1
Let l(t) = t**2 + t - 1. Let p(n) = -n**3 + 5*n**2 - 5*n + 11. Let b(v) = -3*l(v) - p(v). What is b(8)?
8
Suppose -h + 4*v = -25, -h + 1 = 2*v + 6. Let q(r) be the third derivative of 0*r - r**2 + 0 + 1/3*r**3 - 1/60*r**h + 1/6*r**4. Give q(5).
-3
Let a = 2 - 0. Suppose -4*h - 17 = -3*b - a, 0 = -b + 1. Let v(r) = r**2 + r - 3. Give v(h).
3
Let y(z) be the second derivative of 0 + 1/2*z**3 - 6*z - z**2. Give y(3).
7
Let p(t) be the first derivative of t**2/2 - t + 9. Calculate p(-4).
-5
Suppose 5*b = -2*d + 22, -b - b + 13 = 5*d. Let n(x) = x**2 - 4*x - 2. Calculate n(b).
-2
Let b be (-6 - -5)*0/4. Let j(z) = z**3 - z - 11. What is j(b)?
-11
Let f(r) = -r**3 - 2*r**2 + r + 3. Suppose -5*w - 20 = -4*q, 3*q = 5*q + 3*w - 10. Let p be ((-6)/q)/((-14)/(-35)). Calculate f(p).
9
Let v(h) = -h**2 - 11*h - 5. Let q be v(-10). Let x(d) = -d**2 + 4*d + 5. Calculate x(q).
0
Let c be 11/1 - 6/2. Let g(y) = y**2 - 10*y + 9. Let j be g(c). Let q(u) = u. Determine q(j).
-7
Let u(p) = -4*p + 6. Let q be 0 + 12/(2 + 1). Determine u(q).
-10
Let r(m) = -7*m - 1. Let z(a) = 2*a**2 + a + 1. Let u be z(-1). Suppose 3*k - k = -u. Determine r(k).
6
Let w = 50 + -45. Let h(g) = -g. Determine h(w).
-5
Let d be (-6)/(-15) - 66/15. Let p(g) = g**3 + 4*g**2 - 4*g - 3. Determine p(d).
13
Suppose -2*f - 12 = -0*r - 4*r, -r = -5*f - 21. Let j(q) = -4*q - 1. What is j(r)?
-5
Let i(w) = 4*w**2 + 2*w + 5. Let p(u) = 9*u**2 + 3*u + 11. Let g(k) = 5*i(k) - 2*p(k). Determine g(-2).
3
Let o(v) = -4*v + 7. Let x(u) = -2*u + 3. Let h(y) = -2*o(y) + 5*x(y). Calculate h(4).
-7
Let r = -2 + 8. Let m(l) = 2*l**3 + 2*l**2 + 11*l + 8. Let d(j) = j**3 + j**2 + 6*j + 4. Let x(g) = r*m(g) - 11*d(g). Determine x(0).
4
Let u(h) = h**2 - 2*h - 4. Suppose -f - 17 = -3. Let b = f - -28. Suppose 3*v - 11 = -k, -4*v - 2*k = -0*k - b. What is u(v)?
4
Let f(l) = 3*l**2 + 4*l + 3. Let q be f(-2). Let a = 2 - q. Let v(p) be the second derivative of p**3/6 - p**2/2 - p. Give v(a).
-6
Let c(i) = i. Let a(x) = 6*x + 3. Let p be 16/(-8) - (1 - 0). Let g(m) = p*c(m) + a(m). Suppose 15 = 5*v, s = 3*v - 0*v - 12. Give g(s).
-6
Let g(h) = h + 11. Let n be g(-8). Suppose -n*q + 9 + 9 = 0. Let s(b) = -b**2 + 5*b - 6. What is s(q)?
-12
Let p(y)